ermine i(7).
-2
Let w(h) = h**3 + 14*h**2 + 12*h - 9. Let u be w(-13). Let j(f) = -f**2 + 4*f - 3. Determine j(u).
-3
Let w(t) = -2*t + 3. Let k be w(1). Let j(n) = 10*n + 1. Give j(k).
11
Let y(z) = 9*z + 9. Let t(f) = 5*f + 5. Let j(u) = -11*t(u) + 6*y(u). Calculate j(0).
-1
Let a = -6 + 7. Let r(d) = -2*d**2 + d - d + a. Give r(1).
-1
Let v(i) be the third derivative of -i**4/24 - i**3/3 + 3*i**2. Let o be ((-24)/(-18))/(1/(-3)). Determine v(o).
2
Suppose c + 3 - 4 = 0. Let r be (-9)/(-3) - 0/c. Let s(t) = -4*t + 3. Calculate s(r).
-9
Let s(g) be the second derivative of g**3/6 + 7*g**2/2 + g. What is s(-6)?
1
Let t be 2/(7/((-196)/8)). Let v(x) = x + 11. Calculate v(t).
4
Let k = 0 + 1. Let p(a) = a - 2*a + 1 + 4*a - 2*a. Give p(k).
2
Suppose -2 + 12 = 2*t. Let a(s) = -2*s**3 + 3*s**2 + 6*s. Let q(l) = -l + 5*l - 5*l - l**2 + l**3. Let x(n) = t*q(n) + a(n). What is x(1)?
2
Let z(o) = o - 2. Let h = 11 - 17. Let f = h + 6. Calculate z(f).
-2
Let v(h) = h**3 + 2*h**2 - 2*h + 3. Let x be v(-3). Suppose x*i - 5*i = 25. Let y(o) = -2*o**2 - 7*o + 2. What is y(i)?
-13
Let x(l) = l - 5. Suppose 2 = 5*w - 3. Let s(h) = -h**2 + h - 1. Let p be s(w). Let n be (p/(-2))/(3/18). What is x(n)?
-2
Suppose -3*s - 5*z + 18 = 0, -s = -3*z + 12 - 4. Suppose s = 4*g + 9. Let y(b) = -2*b - 1. What is y(g)?
3
Let a(m) be the third derivative of -m**4/3 + 4*m**2 - 3*m. Give a(1).
-8
Let z be (-39)/(-15) + (-2)/(-5). Suppose 0*s = 4*r - 3*s + 12, -z*s + 3 = -r. Let h(u) be the first derivative of u**2/2 + 1. Calculate h(r).
-3
Let h(v) = 3*v - 14. Let x(g) = -2*g + 7. Let r(m) = -3*h(m) - 5*x(m). Let s(z) = z + 2. Let y be s(-5). Calculate r(y).
4
Suppose p = 3*p - 4. Let z = 2 - 0. Let i(l) = p*l**2 - l**z - l - 1 - l. What is i(3)?
2
Let r(l) = -4 + 7 + 3 - 17*l + 16*l. Give r(7).
-1
Let h(r) = 2*r**2 - 28*r - 25. Let j(b) = -b**2 + 14*b + 12. Let k(x) = -2*h(x) - 5*j(x). Let y be k(15). Let p(n) = -n - 3 - 3 + 4. Calculate p(y).
-7
Let z(n) = -8*n + 4. Let v(l) be the second derivative of -3*l**3/2 + 3*l**2/2 + 7*l. Let s(h) = -6*v(h) + 7*z(h). What is s(8)?
-6
Suppose -2*n + 8 = 2*n. Suppose n*s - 15 = -s. Let j(l) = -l**2 + 3*l + 7. What is j(s)?
-3
Let o(p) = -8*p - 1. Suppose -s - 2*s - 21 = 0. Let a be -1 - -11 - (1 + 3). Let f = s + a. Determine o(f).
7
Let k(c) = -c**2 + 12*c + 11. Let g(f) = -2*f**2 + 13*f + 10. Let v(i) = -2*g(i) + 3*k(i). What is v(-9)?
4
Let b(w) = -2*w + 5. Let c(i) = -4*i + 9. Let z(v) = v**2 - 4*v - 5. Let r be z(4). Let g(y) = r*b(y) + 3*c(y). Determine g(-3).
8
Let a(n) = -n**2 - n + 6. Let s be (1 + 1)/(-1 - -3). Let t = s + -1. Calculate a(t).
6
Let a(n) = 4*n + 3. Suppose 3*w - 17 - 18 = -5*h, 5 = -w. Let t(q) = q**2 - 9*q - 7. Let y be t(h). Suppose 3*z + 4 = 2*p - 4*p, -p = -y*z + 2. Determine a(p).
-5
Let q(s) = -s**3 - 6*s**2 - 2*s - 6. Let g be q(-6). Let k(x) = 0 + 3*x - 3*x + 2 + x. Calculate k(g).
8
Let l = 3 + -1. Let r(q) be the first derivative of -q**3/6 + q**2/2 + 2*q - 2. Let d(h) be the first derivative of r(h). Give d(l).
-1
Let y(u) = -1. Let p(m) = -3*m - 1. Let n(a) = p(a) + 4*y(a). Give n(-4).
7
Suppose -4*l - 1 = -5. Let k(p) = -3 + 2*p**2 - l - 9*p + 11*p. What is k(-3)?
8
Let j(f) = -4*f + 2*f - 9 + 24. Determine j(10).
-5
Let h(q) = -q - 4. Let p(f) = -1. Let m(x) = -h(x) + 4*p(x). Calculate m(8).
8
Let l(x) = x - 5. Let o be 0/(-3) - 12/(-3). Calculate l(o).
-1
Let u(d) = -2*d**2 + 2*d**2 - 1 + d**3. Let l be (0/(-5))/(0 + -1). Give u(l).
-1
Let m = -5 - -7. Suppose 4*t + 0*p - 5*p - 51 = 0, -5*t - 3*p = -73. Let d(h) = -13*h**2 - h + t*h**2 - 3*h**3 + 4*h**3. What is d(m)?
10
Let j(b) = b**2 - b + 6. Let q(w) = -w**2 + 2*w - 13. Let c(p) = 13*j(p) + 6*q(p). Calculate c(-1).
8
Suppose -2*i + f = 1 + 5, -6 = 3*f. Let c(h) = -h**3 - 4*h**2 - 5. What is c(i)?
-5
Let x(b) be the first derivative of b**4/2 - b**2 - b + 3. Suppose -5*z - 2 - 3 = 0. What is x(z)?
-1
Suppose -105 = -8*f + 3*f. Let a = f + -15. Let i(p) be the second derivative of p**4/12 - p**3 + 5*p**2/2 - 8*p. Calculate i(a).
5
Let u(x) = -3*x - 3. Let a = 4 + -2. Let i be (3/(-6))/(a/(-4)). Suppose 0 = n + 1 + i. Determine u(n).
3
Let y = -6 + 10. Let c(b) = -y*b**2 + 5*b - 3*b**2 + b**3 + 4*b**2 - 4 - b**2. Give c(3).
2
Let m be ((-6)/(-6))/(4/8 - 0). Let i(x) = -3*x**3 - x**2 + 4*x - 3. Give i(m).
-23
Let i(n) be the second derivative of n**5/60 - n**4/12 + n**3/2 - 3*n**2 + 5*n. Let o(r) be the first derivative of i(r). Give o(2).
3
Let c(l) be the second derivative of -5*l**3/6 - l**2 - 3*l. Give c(-2).
8
Suppose -f = p - 18, 3*p = -2 + 11. Let l = -12 + f. Let y(s) = -s - 2. Determine y(l).
-5
Let o(h) be the first derivative of -4/3*h**3 - 6 + 1/4*h**4 + h**2 + 4*h. Calculate o(3).
1
Let v(j) = j**2 + 7*j + 2. Let q be 158/22 - 4/22. Let h = q - 12. Calculate v(h).
-8
Let g(j) = 3*j**2 + 32*j + 21. Let q(z) = -2*z**2 - 21*z - 14. Suppose -4*d = 20 - 0. Let u(p) = d*g(p) - 8*q(p). Let i = 0 - 5. What is u(i)?
-8
Let y(z) = -z**2 + 3*z - 3. Suppose -o + 22 = 4*a, 7*a - 25 = 2*a. Suppose -o*r = 2*r - j - 21, -j = 5. What is y(r)?
-7
Let z(n) be the second derivative of n**3/2 - n**2/2 - 12*n. Calculate z(3).
8
Let i(j) be the second derivative of -j**4/12 - 2*j**3/3 + 5*j**2/2 - 31*j. Determine i(-4).
5
Suppose -3 = -5*n - 28. Let s(b) = b + 5. What is s(n)?
0
Let w(a) = 2*a + 3. Let p(u) = -u**2 + 11*u - 13. Let c be p(10). Give w(c).
-3
Let c(j) = j - 1. Let f(s) = -s + 5. Let i(q) = -4*c(q) - 2*f(q). What is i(-4)?
2
Let h(t) = t**2 + 8*t. Let b(x) = x**3 - 6*x**2 - 2*x + 6. Let g be b(6). Give h(g).
-12
Let v(q) be the third derivative of q**6/120 - 7*q**5/60 + 5*q**4/24 + 7*q**3/6 + 9*q**2. Calculate v(6).
1
Let t(i) = i**3 - 5*i**2 - 8*i + 11. Let m be t(6). Let h(s) = -3*s**2 - s - 1. Calculate h(m).
-3
Let l(v) = 3*v**3 + v + 1. Let w = 121 - 122. Determine l(w).
-3
Let f(h) be the second derivative of -h**4/12 + h**3/3 - h**2 + 2*h. Let l = 30 + -20. Let r = l + -7. Calculate f(r).
-5
Suppose 0*k - 2 = -k. Let f(h) = k*h**2 + h**2 + 2*h - 7*h. Let n(x) = -4*x**2 + 6*x. Let t(u) = 5*f(u) + 4*n(u). Determine t(2).
-6
Let p(y) = 4*y**3 - 5*y**2 + 4*y + 1. Let m(c) = -3*c**3 + 4*c**2 - 3*c - 1. Let n(u) = 5*m(u) + 4*p(u). Determine n(2).
9
Let j(h) = 4*h - 4. Let z(n) = 2*n**2 - 7*n - 7. Let i be z(4). Give j(i).
-16
Let q(d) = -4*d**3 + 2*d**2 - 2*d + 1. Let t = -80 - -81. Calculate q(t).
-3
Let x(u) = 2*u**2 + 3*u - 1. Let l be (-1 + 0)/((-6)/(-18)). Determine x(l).
8
Let j(r) be the first derivative of r**3/3 - 5*r**2/2 - 4. Give j(5).
0
Let p(m) be the third derivative of -m**5/60 + m**4/12 + m**3/6 + 3*m**2. Suppose 5*v - 10 - 10 = 0. Suppose i - v = -1. Give p(i).
-2
Let g(t) = 4*t + 7. Let v(j) = -3*j - 6. Let k(z) = 4*g(z) + 5*v(z). Suppose 2 - 32 = -6*s. What is k(s)?
3
Let q(n) = -n**2 + 9*n - 2. Suppose 5 = -4*k - 5*p + 12, 4*p = -3*k + 4. Determine q(k).
6
Suppose -6*q + 10*q + 8 = 0. Let w(x) = 3*x**2 + 2*x - 1. Give w(q).
7
Let a(q) = 7*q - 28. Let v(m) = 4*m - 14. Let i(u) = -3*a(u) + 5*v(u). What is i(0)?
14
Suppose 0*y + 16 = 2*y. Let n(o) = o - 13. Determine n(y).
-5
Let q(i) = i**2 - 6*i + 4. Let a = 8 + -3. Suppose -5*s + 15 = -a. Calculate q(s).
-4
Let n(d) = 2*d + 5. Suppose -2*b - 4*p - 22 = 3*b, 3*p + 24 = -5*b. Determine n(b).
-7
Suppose -5*d - 3*z + 309 = 0, 2*z - 59 = 4*d - 5*d. Let i be -2*(d/6)/(-7). Let j(q) = 2 - 5*q + 2*q + q**3 - 4*q**2 + 4*q. Determine j(i).
-4
Let d(u) = 5*u + 0*u - 5*u - 2*u. Let r(x) = x + 3. Let w be r(-8). Determine d(w).
10
Suppose -4 = -o - 1, 3*o = 3*g - 3. Let z(x) = -x**2 + 5*x. Determine z(g).
4
Let z(r) = -3*r + 0*r + 0 - 2 - r**2. Let n be (-2)/(-8) + 19/4. Suppose 5*c + 3 = 2*m + 2*m, 4*c = -n*m - 27. Determine z(m).
-2
Suppose -5*j + 15 = -15. Let a be (j/4)/((-6)/(-8)). Let d(x) = 3*x + 7 + x - a*x. Calculate d(-6).
-5
Let m(s) = s**2 - 1. Let g(x) = x**3 + 4*x**2 - 4*x - 8. Let p(o) = -g(o) - m(o). What is p(-6)?
21
Let w(z) = -4*z + 11*z + 3*z - 6 + 8. Determine w(-2).
-18
Let s = -11 - -13. Let d(r) = -3*r + 0*r + 5*r + 3*r + r**s - 2. Determine d(-4).
-6
Suppose 2*a - 2*g + g - 1 = 0, -4*a + 1 = -g. Suppose -h = -a*h + 4. Let k(s) = -3 - 5 - 2*s + 5. Give k(h).
5
Let p(v) be the second derivative of 1/3*v**3 - 1/120*v**5 + 0 - 2*v + 0*v**2 + 0*v**4. Let d(